s the units digit of b?
1
Suppose 0 = -6*s + 8182 - 676. What is the hundreds digit of s?
2
Let q = -308 + 44. What is the tens digit of q/(4 + -7) + -2?
8
Suppose -11*u - 35 = -16*u. Suppose x + u = -w + 40, 0 = 5*w + 15. What is the units digit of x?
6
Let h(w) = w**2 + 5*w - 38. Let t = -80 + 69. What is the tens digit of h(t)?
2
Let n = -98 + 206. Suppose 0 = -4*m - 4*y + n, 38 = 2*m - 3*y + 9. What is the tens digit of m?
2
Suppose 0 = 14*y + 9*y - 276. What is the units digit of y?
2
Let x(n) = 2*n**2 - 11*n + 6. Let h = -8 + 13. Suppose h*z = 10*z - 35. What is the units digit of x(z)?
7
Let g(q) = -q**2 + 6*q - 4. Let o be g(4). Suppose -2*k - 10 = o*t, -3*t - 20 = -3*k + 7*k. Suppose -5*w + 10*w - 135 = t. What is the tens digit of w?
2
Suppose 20 + 740 = -10*j. Let y = 101 + j. What is the units digit of y?
5
Let h be 5/(15/6) - -12. Let v(s) = -3 + 15*s + 0 + 2*s**3 + 4 - h*s - s**2. What is the units digit of v(2)?
5
Suppose -13*w = -8*w - 1355. Suppose w = 2*x - 19. What is the units digit of x?
5
Suppose -2*j + 14 + 0 = 0. Suppose 12*c = j*c + 520. What is the tens digit of c?
0
Suppose 0 = -5*i + 48 + 52. Suppose -i = 4*f + 12. What is the tens digit of (f/3)/((-4)/18)?
1
What is the hundreds digit of (-8)/(-6)*(-10575)/(-25)?
5
Suppose 2*t + 8 = 10. Suppose -q + l + t = 0, 0 = -5*l + 25 - 5. Suppose 4*f - 8 = -2*p, -q*f = -p + 12 + 13. What is the tens digit of p?
1
Let n(z) = 12 + 0 + 0*z + 7 + 2*z**2 - z. What is the units digit of n(6)?
5
What is the tens digit of (-31110)/(-8) + (-20)/(-32)*2?
9
Suppose -481 = -6*w + 4553. What is the tens digit of w?
3
Let i = -1 + 10. Let c be (-7 + 0 - -1)*(-35)/(-14). What is the tens digit of c*(1 + (-24)/i)?
2
Let r = -18 + 102. Let q = 176 - r. What is the tens digit of q?
9
Suppose 3*g + 3*b - 21 = 0, -g + 6*g + b - 19 = 0. Let m be g/(-2)*12/(-9). Suppose k - m*d = 33, -2*d - 132 = -4*k + 2*d. What is the units digit of k?
3
Suppose -y = 3*y - l - 747, 2*y = 4*l + 384. Suppose 2*v - v = -2*o + 98, 3*v = 4*o - y. What is the units digit of o?
8
Let k(g) = -g + 7. Let i be k(3). Suppose -i*r = 2 - 10. Suppose 0 = r*f - f - 14. What is the tens digit of f?
1
Let p(q) = -q**3 - 3*q**2 + q - 4. Let a be p(4). Let v = 208 + a. What is the tens digit of v?
9
Let d = -1582 + 2281. What is the units digit of d?
9
Let p(f) = 24*f**3 + 2*f**2 - 3*f + 2. Let o be (6/(-9))/((-2)/3). What is the units digit of p(o)?
5
Let r(f) = 12*f + 75. Let v be r(-6). Suppose -v*b - z + 805 = 0, 9*b = 13*b - z - 1071. What is the hundreds digit of b?
2
Let w be (1 + 1 - -1)*(8 + -3). What is the units digit of (272/(-14) + w/35)*-1?
9
Let z = 1616 + -553. What is the units digit of z?
3
Let h = -68 + 104. Suppose h = -l + 16. What is the units digit of 40/(-6)*24/l?
8
Let p(n) = -n**3 + 20*n**2 + 15*n + 56. What is the tens digit of p(19)?
0
Suppose 0 = -2*m + 450 + 1734. What is the hundreds digit of m?
0
Let q = 2092 + 337. What is the tens digit of q?
2
Let m(g) = -g**2 + 23 + 2*g - 9 + 9 + 13. Let v be m(0). What is the units digit of v + 9 + 2 + -1?
6
Let d(b) = 36*b - 75. What is the units digit of d(12)?
7
Suppose -o + 186 = -z, 3*o - 8*z - 556 = -4*z. What is the tens digit of o?
8
Suppose 0 = -4*g + 8, 0 = 5*l - 0*g + 3*g - 11. What is the tens digit of 3/(6/248)*l/2?
6
Let s = -1311 + 2408. What is the hundreds digit of s?
0
Let g = 1584 + -918. What is the hundreds digit of g?
6
Suppose -378 = -6*j + 1764. What is the units digit of j?
7
Let j be 9/(((-15)/9)/5). Let i = 46 - j. What is the units digit of i?
3
Let r(j) = -64*j. Let g(o) = -4*o + 14. Let l be g(4). What is the units digit of r(l)?
8
Let j(o) = -o + 1. Let y(c) = -12*c - 1. Let a(x) = -3*j(x) + y(x). Let f be a(-5). Suppose 5*v + f = d, v + 11 = d + 2*v. What is the units digit of d?
6
Let t(h) = -16*h + 4. Let g be t(-6). Suppose -2*j + g = -26. What is the units digit of j?
3
Let x be -20*(-3 - (-9)/5). Suppose -27 = -2*f + b, -4*b = -3*f - 8*b + x. What is the units digit of f?
2
Suppose 0 = 9*o - 5401 + 2080. What is the hundreds digit of o?
3
Let n(k) be the first derivative of -k**3/3 + 3*k**2 - 3*k + 1. Let v be n(3). Suppose v*w - 8*w = -10. What is the units digit of w?
5
Suppose 135 = -9*x + 14*x. Let b = x + -12. Suppose b = m - q, -3*m - 6*q + 2*q + 17 = 0. What is the tens digit of m?
1
Suppose 10 = -2*y, -2*u + 0*u - 3*y = 5. Let o = 54 - u. Let l = o - 20. What is the units digit of l?
9
Let c = 2024 - 853. What is the units digit of c?
1
Let l = 2545 + -47. What is the units digit of l?
8
Let t(n) = -n**2 - n - 2. Let g be t(-6). Let d(p) = -23*p - 59. Let k be d(-5). Let b = g + k. What is the units digit of b?
4
Let r = -367 - -1129. What is the units digit of r?
2
Let z be 9/12 + 0 - (-22)/(-8). Let f(y) = -52*y + 1. What is the units digit of f(z)?
5
Let s(r) = 40*r**2 + 3*r - 3. Let i be s(1). Let f = 19 + -36. Let v = i + f. What is the units digit of v?
3
What is the hundreds digit of (-1695)/(-10) - 4/8?
1
Let a be 27*(2*1)/(-2). Let r be -2*3/18 + 472/12. Let q = r + a. What is the units digit of q?
2
Let i(j) = j**3 + 27*j**2 + 36*j + 112. What is the thousands digit of i(-21)?
2
What is the hundreds digit of 36/294*63*105?
8
Let r be 9 + 12/8*-2. Suppose -136 = -2*i - r*i. What is the units digit of i?
7
Let n = 4007 + -2697. What is the thousands digit of n?
1
Let b = 91 - 37. Suppose 3*n = -2*m + 93, -2*n + 0*n + b = 4*m. What is the tens digit of n?
3
Let s(k) = -k**3 - 5*k**2 - 3*k - 2. Let p be s(-2). Let n(f) = 90*f + 12. Let r be n(p). What is the units digit of r/(-14) - (-69)/161?
1
Let f(v) = v**2 + 13*v + 12. Let a be ((-26)/8)/((-4)/96*-6). What is the tens digit of f(a)?
1
Suppose 3*a - 5*s - 174 = 132, -2*a + 226 = 4*s. What is the units digit of a?
7
Suppose 8*f = 23 + 57. What is the units digit of (-9 - -18)*f/((-4)/(-2))?
5
Let p = 7880 - 2753. What is the units digit of p?
7
Let q(i) = 24*i - 12. Let g be q(9). Suppose 0*v = 6*v + g. What is the tens digit of 8/(-2)*357/v?
4
Suppose 0 = 4*o + 3*g - 539, -6*o + g = -3*o - 414. Let z be ((-1)/(-8))/1 + 27730/752. Suppose o = 5*r + z. What is the units digit of r?
0
Let n = 2040 - 1290. What is the tens digit of n?
5
What is the hundreds digit of 162*((-140)/(-6))/10?
3
Let z(g) = g**3 + 3*g**2 - 10*g + 126. What is the units digit of z(8)?
0
Let r(x) = -37*x + 2 + 8*x + 7. What is the tens digit of r(-3)?
9
Let o(a) = 2*a. Let c be o(10). Suppose -2*s - 2*s = -28. Let f = c - s. What is the units digit of f?
3
Let o(p) = -6*p + 1080. What is the units digit of o(-74)?
4
Suppose -3*s + 872 = 2*o, -5*o + 458 = -4*o - 4*s. Let k = o + -224. What is the tens digit of k?
1
Let c(i) = 2*i - 2. Let r be c(-2). Let n = r + 26. Let g = -11 + n. What is the units digit of g?
9
Let r(c) = 108*c - 34. What is the tens digit of r(5)?
0
Let t be 3*(-3)/(-6)*2. Suppose 2*l - 115 = -t*l. Suppose 5*o - 37 - l = 0. What is the units digit of o?
2
Let w be (-2)/(-2) + 30/5. Let b be ((-14)/6)/(w/(-63)). Let z = -7 + b. What is the tens digit of z?
1
Let f be (-11 + -7)*(-4)/6. What is the units digit of (-3)/f - 75/(-12)?
6
Suppose -104 = -p - 2*y + 83, -4*y = 4*p - 760. What is the units digit of p?
3
Let j be ((-9)/(-6))/(21/(-868)). Suppose 5*q - 46 = d, -d - 99 = 2*d - 2*q. Let l = d - j. What is the tens digit of l?
3
Let h be (-2)/(-5) + 4528/(-20) + -3. What is the units digit of (h/(-3))/(22/66)?
9
Suppose -4*a = -31*u + 27*u - 2904, 5*a + 5*u - 3680 = 0. What is the units digit of a?
1
Let u(y) = y**3 - 15*y**2 - 13*y + 21. Let x be u(17). Suppose 0 = 4*d - 3*d - x. Suppose 0 = -4*f - 2*f + d. What is the tens digit of f?
6
Suppose -g = -3*b + 1711, -5*g - 712 + 137 = -b. Suppose -31*t + 26*t + b = 0. What is the tens digit of t?
1
Let b(y) = 2*y**2 + 12*y + 945. What is the hundreds digit of b(0)?
9
Let x = 16 - 15. Let j = x - -2. Suppose -50 = -2*h - j*h. What is the units digit of h?
0
Suppose -467 = -15*v + 583. What is the tens digit of v?
7
Suppose 2*n = 5*l + 1959, 5*n - 25*l + 22*l = 4945. What is the units digit of n?
2
Suppose 0 = 4*s - 2*m + 6, 2*s + 5*m = 5*s + 15. Suppose 2*v + v + 27 = s. What is the tens digit of 5/(((-9)/3)/v)?
1
Suppose 180 = 12*x - 14*x. Let i = -27 - x. What is the units digit of i?
3
Suppose -3*z + 1953 = -